{"id":19593,"date":"2026-05-04T13:46:43","date_gmt":"2026-05-04T11:46:43","guid":{"rendered":"https:\/\/www.spkatarzyna.pl\/?page_id=19593"},"modified":"2026-05-04T13:59:08","modified_gmt":"2026-05-04T11:59:08","slug":"erasmus","status":"publish","type":"page","link":"https:\/\/www.spkatarzyna.pl\/index.php\/erasmus\/","title":{"rendered":"Erasmus +"},"content":{"rendered":"\t\t<div data-elementor-type=\"wp-page\" data-elementor-id=\"19593\" class=\"elementor elementor-19593\">\n\t\t\t\t<div class=\"elementor-element elementor-element-4bc395f4 e-flex e-con-boxed e-con e-parent\" data-id=\"4bc395f4\" data-element_type=\"container\">\n\t\t\t\t\t<div class=\"e-con-inner\">\n\t\t\t\t<div class=\"elementor-element elementor-element-1080edf6 elementor-widget elementor-widget-text-editor\" data-id=\"1080edf6\" data-element_type=\"widget\" data-widget_type=\"text-editor.default\">\n\t\t\t\t\t\t\t\t\t<div><img decoding=\"async\" class=\"size-full wp-image-19594 aligncenter\" style=\"font-size: 18.666666px; text-align: justify;\" src=\"https:\/\/www.spkatarzyna.pl\/wp-content\/uploads\/2026\/05\/logo_erasmus-300x61-1.png\" alt=\"\" width=\"300\" height=\"61\"><\/div>\r\n<div>&nbsp;<\/div>\r\n<div style=\"text-align: justify;\"><span style=\"font-size: 14pt;\">Z wielk\u0105 rado\u015bci\u0105 pragniemy poinformowa\u0107, \u017ce nasza szko\u0142a&nbsp;zakwalifikowa\u0142a si\u0119 do Programu Erasmus+.<\/span><\/div>\r\n<div style=\"text-align: justify;\"><span style=\"font-size: 14pt;\">Jest to program mobilno\u015bci mi\u0119dzynarodowej przeznaczony zar\u00f3wno dla uczni\u00f3w, jak i nauczycieli. Uczniowie obecnych klas sz\u00f3stych uczestnicz\u0105 w zaj\u0119ciach projektowych, na kt\u00f3rych prezentuj\u0105 swoj\u0105 okolic\u0119, tradycje panuj\u0105ce w naszym regionie i kraju, czy kuchni\u0119 polsk\u0105. Poruszamy tak\u017ce zagadnienia zwi\u0105zane z ekologi\u0105, czy zdrowym i aktywnym sp\u0119dzaniem czasu wolnego. Podczas zaj\u0119\u0107 korzystamy z nowoczesnych technologii, uczymy si\u0119 przygotowywa\u0107 prezentacj\u0119 za pomoc\u0105 programu&nbsp;Power Point, czy przygotowujemy vlogi.&nbsp;<\/span><\/div>\r\n<div style=\"text-align: justify;\"><span style=\"font-size: 14pt;\">Uwie\u0144czeniem naszej pracy b\u0119dzie pa\u017adziernikowy wyjazd do Portugalii, gdzie zaprezentujemy portugalskim kolegom i kole\u017cankom rezultaty naszych projekt\u00f3w.&nbsp;<\/span><\/div>\t\t\t\t\t\t\t\t<\/div>\n\t\t\t\t<div class=\"elementor-element elementor-element-24722d3 elementor-widget elementor-widget-video\" data-id=\"24722d3\" data-element_type=\"widget\" data-settings=\"{&quot;video_type&quot;:&quot;hosted&quot;,&quot;controls&quot;:&quot;yes&quot;}\" data-widget_type=\"video.default\">\n\t\t\t\t\t\t\t<div class=\"e-hosted-video elementor-wrapper elementor-open-inline\">\n\t\t\t\t\t<video class=\"elementor-video\" src=\"https:\/\/www.spkatarzyna.pl\/wp-content\/uploads\/2026\/05\/VLOG-erasmus.mov\" controls=\"\" preload=\"metadata\" controlsList=\"nodownload\"><\/video>\n\t\t\t\t<\/div>\n\t\t\t\t\t\t<\/div>\n\t\t\t\t\t<\/div>\n\t\t\t\t<\/div>\n\t\t\t\t<\/div>\n\t\t","protected":false},"excerpt":{"rendered":"<p>&nbsp; Z wielk\u0105 rado\u015bci\u0105 pragniemy poinformowa\u0107, \u017ce nasza szko\u0142a&nbsp;zakwalifikowa\u0142a si\u0119 do Programu Erasmus+. Jest to program mobilno\u015bci mi\u0119dzynarodowej przeznaczony zar\u00f3wno dla uczni\u00f3w, jak i nauczycieli. Uczniowie obecnych klas sz\u00f3stych uczestnicz\u0105 w zaj\u0119ciach projektowych, na kt\u00f3rych prezentuj\u0105 swoj\u0105 okolic\u0119, tradycje panuj\u0105ce w naszym regionie i kraju, czy kuchni\u0119 polsk\u0105. Poruszamy tak\u017ce [&hellip;]<\/p>\n","protected":false},"author":6,"featured_media":0,"parent":0,"menu_order":0,"comment_status":"closed","ping_status":"closed","template":"","meta":{"om_disable_all_campaigns":false,"_monsterinsights_skip_tracking":false,"_monsterinsights_sitenote_active":false,"_monsterinsights_sitenote_note":"","_monsterinsights_sitenote_category":0,"ngg_post_thumbnail":0,"footnotes":""},"class_list":["post-19593","page","type-page","status-publish","hentry"],"aioseo_notices":[],"_links":{"self":[{"href":"https:\/\/www.spkatarzyna.pl\/index.php\/wp-json\/wp\/v2\/pages\/19593","targetHints":{"allow":["GET"]}}],"collection":[{"href":"https:\/\/www.spkatarzyna.pl\/index.php\/wp-json\/wp\/v2\/pages"}],"about":[{"href":"https:\/\/www.spkatarzyna.pl\/index.php\/wp-json\/wp\/v2\/types\/page"}],"author":[{"embeddable":true,"href":"https:\/\/www.spkatarzyna.pl\/index.php\/wp-json\/wp\/v2\/users\/6"}],"replies":[{"embeddable":true,"href":"https:\/\/www.spkatarzyna.pl\/index.php\/wp-json\/wp\/v2\/comments?post=19593"}],"version-history":[{"count":5,"href":"https:\/\/www.spkatarzyna.pl\/index.php\/wp-json\/wp\/v2\/pages\/19593\/revisions"}],"predecessor-version":[{"id":19612,"href":"https:\/\/www.spkatarzyna.pl\/index.php\/wp-json\/wp\/v2\/pages\/19593\/revisions\/19612"}],"wp:attachment":[{"href":"https:\/\/www.spkatarzyna.pl\/index.php\/wp-json\/wp\/v2\/media?parent=19593"}],"curies":[{"name":"wp","href":"https:\/\/api.w.org\/{rel}","templated":true}]}}