{"id":2139,"date":"2022-10-05T11:37:01","date_gmt":"2022-10-05T11:37:01","guid":{"rendered":"http:\/\/www.spkatarzyna.pl\/?page_id=2139"},"modified":"2025-04-11T10:17:38","modified_gmt":"2025-04-11T10:17:38","slug":"informacje-o-obiadach-w-roku-szkolnym-2022-2023","status":"publish","type":"page","link":"https:\/\/www.spkatarzyna.pl\/index.php\/informacje-o-obiadach-w-roku-szkolnym-2022-2023\/","title":{"rendered":"Rekrutacja 2025\/2026"},"content":{"rendered":"<p><span style=\"font-size: 14pt;\"><strong>Lista dzieci przyj\u0119tych i nieprzyj\u0119tych do klasy 1 na rok szkolny 2025\/2026<\/strong><\/span><\/p>\n<ul>\n<li><span style=\"font-size: 14pt;\"><a href=\"https:\/\/www.spkatarzyna.pl\/wp-content\/uploads\/2025\/04\/RS080c-Lista-wszystkich-dzieci-przyjA\u2122tych-do-opublikowania.pdf\">Lista wszystkich dzieci przyj\u0119tych do klasy 1<\/a><\/span><\/li>\n<li><span style=\"font-size: 14pt;\"><a href=\"https:\/\/www.spkatarzyna.pl\/wp-content\/uploads\/2025\/04\/RS080b-Lista-dzieci-przyjA\u2122tych-z-wnioskA\u00b3w-do-opublikowania.pdf\">Lista dzieci przyj\u0119tych z wniosk\u00f3w do klasy 1<\/a><\/span><\/li>\n<li><span style=\"font-size: 14pt;\"><a href=\"https:\/\/www.spkatarzyna.pl\/wp-content\/uploads\/2025\/04\/RS084b-Lista-dzieci-nieprzyjA\u2122tych-do-opublikowania.pdf\">Lista dzieci nieprzyj\u0119tych do klasy 1<\/a><\/span><\/li>\n<\/ul>\n<p><strong><span style=\"font-size: 14pt;\">Lista dzieci zakwalifikowanych do klasy 1 na rok szkolny 2025\/2026<\/span><\/strong><\/p>\n<ul>\n<li class=\"hP\" tabindex=\"-1\" data-thread-perm-id=\"thread-f:1828110056397027766\" data-legacy-thread-id=\"195ec06919dd39b6\"><span style=\"font-size: 14pt;\"><a href=\"https:\/\/www.spkatarzyna.pl\/wp-content\/uploads\/2025\/03\/RS060b-Lista-dzieci-zakwalifikowanych-do-opublikowania-2.pdf\">Lista dzieci zakwalifikowanych do klasy 1 na rok szkolny 2025\/2026<\/a>&nbsp;<\/span><\/li>\n<li class=\"hP\" tabindex=\"-1\" data-thread-perm-id=\"thread-f:1828110056397027766\" data-legacy-thread-id=\"195ec06919dd39b6\"><span style=\"font-size: 14pt;\"><a href=\"https:\/\/www.spkatarzyna.pl\/wp-content\/uploads\/2025\/03\/RS064b-Lista-dzieci-niezakwalifikowanych-do-opublikowania.pdf\">Lista dzieci niezakwalifikowanych do klasy 1 na rok szkolny 2025\/2026<\/a><\/span><\/li>\n<\/ul>\n","protected":false},"excerpt":{"rendered":"<p>Lista dzieci przyj\u0119tych i nieprzyj\u0119tych do klasy 1 na rok szkolny 2025\/2026 Lista wszystkich dzieci przyj\u0119tych do klasy 1 Lista dzieci przyj\u0119tych z wniosk\u00f3w do klasy 1 Lista dzieci nieprzyj\u0119tych do klasy 1 Lista dzieci zakwalifikowanych do klasy 1 na rok szkolny 2025\/2026 Lista dzieci zakwalifikowanych do klasy 1 na [&hellip;]<\/p>\n","protected":false},"author":1,"featured_media":0,"parent":0,"menu_order":0,"comment_status":"closed","ping_status":"closed","template":"","meta":{"om_disable_all_campaigns":false,"_monsterinsights_skip_tracking":false,"_monsterinsights_sitenote_active":false,"_monsterinsights_sitenote_note":"","_monsterinsights_sitenote_category":0,"ngg_post_thumbnail":0,"footnotes":""},"class_list":["post-2139","page","type-page","status-publish","hentry"],"aioseo_notices":[],"_links":{"self":[{"href":"https:\/\/www.spkatarzyna.pl\/index.php\/wp-json\/wp\/v2\/pages\/2139","targetHints":{"allow":["GET"]}}],"collection":[{"href":"https:\/\/www.spkatarzyna.pl\/index.php\/wp-json\/wp\/v2\/pages"}],"about":[{"href":"https:\/\/www.spkatarzyna.pl\/index.php\/wp-json\/wp\/v2\/types\/page"}],"author":[{"embeddable":true,"href":"https:\/\/www.spkatarzyna.pl\/index.php\/wp-json\/wp\/v2\/users\/1"}],"replies":[{"embeddable":true,"href":"https:\/\/www.spkatarzyna.pl\/index.php\/wp-json\/wp\/v2\/comments?post=2139"}],"version-history":[{"count":20,"href":"https:\/\/www.spkatarzyna.pl\/index.php\/wp-json\/wp\/v2\/pages\/2139\/revisions"}],"predecessor-version":[{"id":15315,"href":"https:\/\/www.spkatarzyna.pl\/index.php\/wp-json\/wp\/v2\/pages\/2139\/revisions\/15315"}],"wp:attachment":[{"href":"https:\/\/www.spkatarzyna.pl\/index.php\/wp-json\/wp\/v2\/media?parent=2139"}],"curies":[{"name":"wp","href":"https:\/\/api.w.org\/{rel}","templated":true}]}}