{"id":2145,"date":"2022-10-05T11:44:42","date_gmt":"2022-10-05T11:44:42","guid":{"rendered":"http:\/\/www.spkatarzyna.pl\/?page_id=2145"},"modified":"2025-12-18T17:06:19","modified_gmt":"2025-12-18T17:06:19","slug":"informacje-o-dowozach-w-roku-szkolnym-2022-2023","status":"publish","type":"page","link":"https:\/\/www.spkatarzyna.pl\/index.php\/informacje-o-dowozach-w-roku-szkolnym-2022-2023\/","title":{"rendered":"Informacje o dowozach w roku szkolnym 2024\/2025"},"content":{"rendered":"<div class=\"content clearfix\">\n<p><span style=\"font-size: 14pt;\">Szanowni Pa\u0144stwo,<\/span><\/p>\n<p style=\"text-align: justify;\"><span style=\"font-weight: 400; font-size: 14pt;\">Uprzejmie informujemy, \u017ce od stycznia 2026 r. b\u0119d\u0105 obowi\u0105zywa\u0107 nowe rozk\u0142ady jazdy Siechnickiej Komunikacji Publicznej. Zmiany obejmuj\u0105 zar\u00f3wno godziny odjazd\u00f3w autobus\u00f3w dowo\u017c\u0105cych uczni\u00f3w do szk\u00f3\u0142, jak i linie wewn\u0119trzne obs\u0142uguj\u0105ce nasz\u0105 gmin\u0119.<\/span><\/p>\n<p><span style=\"font-size: 14pt;\"><a href=\"https:\/\/www.spkatarzyna.pl\/wp-content\/uploads\/2025\/08\/Karta-zgloszenia-dojazdy-i-powroty-ze-szkoly.doc.pdf\">karta zapisu na dow\u00f3z autobusem<\/a><\/span><\/p>\n<p><span style=\"font-size: 14pt;\"><a href=\"https:\/\/www.spkatarzyna.pl\/wp-content\/uploads\/2025\/08\/Regulamin-dowozow.docx.pdf\">Regulamin dowoz\u00f3w&nbsp; &nbsp;<\/a> &nbsp; &nbsp;<\/span><\/p>\n<ul>\n<li><a href=\"https:\/\/www.spkatarzyna.pl\/wp-content\/uploads\/2025\/12\/59-2026-1.pdf\">Linia nr 59<\/a><\/li>\n<li><span style=\"font-size: 14pt;\"><a href=\"https:\/\/www.spkatarzyna.pl\/wp-content\/uploads\/2025\/12\/59-A-2026-1.pdf\">Linia nr 59A<\/a><\/span><\/li>\n<li><span style=\"font-size: 14pt;\"><a href=\"https:\/\/www.spkatarzyna.pl\/wp-content\/uploads\/2025\/12\/60-2026-1.pdf\">Linia nr 60<\/a><\/span><\/li>\n<li><span style=\"font-size: 14pt;\"><a href=\"https:\/\/www.spkatarzyna.pl\/wp-content\/uploads\/2025\/12\/61-2026-1.pdf\">Linia nr 61<\/a><\/span><br \/>\n<span style=\"font-size: 14pt;\"><a href=\"https:\/\/www.spkatarzyna.pl\/wp-content\/uploads\/2025\/12\/61-A-2026-1.pdf\"> Linia nr 61 A<\/a><\/span><\/li>\n<li><span style=\"font-size: 14pt;\"><a href=\"https:\/\/www.spkatarzyna.pl\/wp-content\/uploads\/2025\/12\/83-2026-1.pdf\">Linia nr 83<\/a><\/span><\/li>\n<li><span style=\"font-size: 14pt;\"><a href=\"https:\/\/www.spkatarzyna.pl\/wp-content\/uploads\/2025\/12\/84-2026-1.pdf\">Linia nr 84<\/a><\/span><\/li>\n<li><span style=\"font-size: 14pt;\"><a href=\"https:\/\/www.spkatarzyna.pl\/wp-content\/uploads\/2025\/12\/85-2026-1.pdf\">Linia nr 85<\/a><\/span><\/li>\n<li><span style=\"font-size: 14pt;\"><a href=\"https:\/\/www.spkatarzyna.pl\/wp-content\/uploads\/2025\/12\/86-860-2026-1.pdf\">Linia nr 86<\/a><\/span><\/li>\n<li><span style=\"font-size: 14pt;\"><a href=\"https:\/\/www.spkatarzyna.pl\/wp-content\/uploads\/2025\/12\/87-870-2026-1.pdf\">Linia nr 87 i 870<\/a><\/span><\/li>\n<li><span style=\"font-size: 14pt;\"><a href=\"https:\/\/www.spkatarzyna.pl\/wp-content\/uploads\/2025\/12\/89-890-2026-1.pdf\">Linia nr 89 i 890<\/a><\/span><\/li>\n<li><span style=\"font-size: 14pt;\"><a href=\"https:\/\/www.spkatarzyna.pl\/wp-content\/uploads\/2025\/12\/1Linia-80-800-dni-robocze-TAM-1.pdf\">Linia nr 80 i 800<\/a><\/span><\/li>\n<li><span style=\"font-size: 14pt;\"><a href=\"https:\/\/www.spkatarzyna.pl\/wp-content\/uploads\/2025\/12\/10-Linia-80-800-dni-robocze-POWROT-1.pdf\">Linia nr 80 i 880 POWR\u00d3T<\/a><\/span><\/li>\n<li><span style=\"font-size: 14pt;\"><a href=\"https:\/\/www.spkatarzyna.pl\/wp-content\/uploads\/2025\/12\/2-Linia-81-810-dni-robocze-TAM-1.pdf\">Linia nr 81 i 810<\/a><\/span><\/li>\n<li><span style=\"font-size: 14pt;\"><a href=\"https:\/\/www.spkatarzyna.pl\/wp-content\/uploads\/2025\/12\/21-Linia-81-810-dni-robocze-POWROT-1.pdf\">Linia nr&nbsp;81 i 810 POWR\u00d3T<\/a><\/span><\/li>\n<\/ul>\n<p>&nbsp;<\/p>\n<p>&nbsp; &nbsp; &nbsp; &nbsp; &nbsp; &nbsp; &nbsp; &nbsp; &nbsp; &nbsp; &nbsp; &nbsp; &nbsp; &nbsp;&nbsp; &nbsp; &nbsp; &nbsp; &nbsp; &nbsp; &nbsp; &nbsp; &nbsp; &nbsp; &nbsp; &nbsp; &nbsp; &nbsp; &nbsp; &nbsp;<\/p>\n<\/div>\n","protected":false},"excerpt":{"rendered":"<p>Szanowni Pa\u0144stwo, Uprzejmie informujemy, \u017ce od stycznia 2026 r. b\u0119d\u0105 obowi\u0105zywa\u0107 nowe rozk\u0142ady jazdy Siechnickiej Komunikacji Publicznej. Zmiany obejmuj\u0105 zar\u00f3wno godziny odjazd\u00f3w autobus\u00f3w dowo\u017c\u0105cych uczni\u00f3w do szk\u00f3\u0142, jak i linie wewn\u0119trzne obs\u0142uguj\u0105ce nasz\u0105 gmin\u0119. karta zapisu na dow\u00f3z autobusem Regulamin dowoz\u00f3w&nbsp; &nbsp; &nbsp; &nbsp; Linia nr 59 Linia nr 59A [&hellip;]<\/p>\n","protected":false},"author":1,"featured_media":0,"parent":0,"menu_order":0,"comment_status":"closed","ping_status":"closed","template":"","meta":{"om_disable_all_campaigns":false,"_monsterinsights_skip_tracking":false,"_monsterinsights_sitenote_active":false,"_monsterinsights_sitenote_note":"","_monsterinsights_sitenote_category":0,"ngg_post_thumbnail":0,"footnotes":""},"class_list":["post-2145","page","type-page","status-publish","hentry"],"aioseo_notices":[],"_links":{"self":[{"href":"https:\/\/www.spkatarzyna.pl\/index.php\/wp-json\/wp\/v2\/pages\/2145","targetHints":{"allow":["GET"]}}],"collection":[{"href":"https:\/\/www.spkatarzyna.pl\/index.php\/wp-json\/wp\/v2\/pages"}],"about":[{"href":"https:\/\/www.spkatarzyna.pl\/index.php\/wp-json\/wp\/v2\/types\/page"}],"author":[{"embeddable":true,"href":"https:\/\/www.spkatarzyna.pl\/index.php\/wp-json\/wp\/v2\/users\/1"}],"replies":[{"embeddable":true,"href":"https:\/\/www.spkatarzyna.pl\/index.php\/wp-json\/wp\/v2\/comments?post=2145"}],"version-history":[{"count":25,"href":"https:\/\/www.spkatarzyna.pl\/index.php\/wp-json\/wp\/v2\/pages\/2145\/revisions"}],"predecessor-version":[{"id":18074,"href":"https:\/\/www.spkatarzyna.pl\/index.php\/wp-json\/wp\/v2\/pages\/2145\/revisions\/18074"}],"wp:attachment":[{"href":"https:\/\/www.spkatarzyna.pl\/index.php\/wp-json\/wp\/v2\/media?parent=2145"}],"curies":[{"name":"wp","href":"https:\/\/api.w.org\/{rel}","templated":true}]}}